 is divided by n?
5
Suppose -3*b = -4*b + 7. Let y(j) be the second derivative of j**5/20 - 2*j**4/3 + j**3 + 5*j**2 + 3*j. Calculate the remainder when b is divided by y(7).
1
Let j be -18*(0 + (-5)/(-3)). Let o = 57 + j. What is the remainder when o is divided by 7?
6
Suppose 0 = -2*p - 8*p + 1520. Calculate the remainder when p is divided by 12.
8
Suppose 0 = -4*n - 3*g + 2*g + 38, 0 = -3*g - 6. What is the remainder when 37 is divided by n?
7
Suppose 16*o - 11 = 21. Suppose 0 = l - 2*i - 5 + 1, -2*i = -3*l + 8. Calculate the remainder when l is divided by o.
0
Let a = 1 - -3. Let v = a - 6. Calculate the remainder when (v - 0) + 3 - 0 is divided by 1.
0
Suppose 4*u = -0*u + 16. Let s(m) = m**2 + 11*m - 6. What is the remainder when s(-12) is divided by u?
2
Calculate the remainder when 122 is divided by (4/8*-62)/(-1).
29
Suppose 6*r = 2*r + 112. Suppose -32 = -3*u - 2*f, 3 = 5*u + f - 48. Calculate the remainder when r is divided by u.
8
Let g = -2 - -3. Let l(k) = -k**3 + 9*k**2 + k - 9. Let o be l(9). Suppose 5*v + o = 5. Calculate the remainder when v is divided by g.
0
Calculate the remainder when 35 is divided by (2/(-8))/(19/(-988)).
9
Suppose 4*v - 13 = -2*q + 91, 2*v - 52 = -3*q. What is the remainder when 74 is divided by v?
22
Let f(u) = 2*u**3 - 5*u**2 - 12*u + 17. Calculate the remainder when f(5) is divided by 21.
19
Let k be (-1)/2 + (-11)/2. Let z be (-13)/(-4) - k/(-24). Suppose 4*s = u + 10, -2*u - 6 = -z*s + 4. What is the remainder when 5 is divided by s?
1
Let u(t) = -3*t + 22 + 6*t - 4*t. What is the remainder when 42 is divided by u(0)?
20
Let o = 1 - -1. Let n = 4 - o. Let j(z) = -2*z - 1. What is the remainder when j(-2) is divided by n?
1
Suppose 0*b + 3*t = 5*b - 105, -b + 3 = 3*t. What is the remainder when b is divided by 11?
7
What is the remainder when 108/(-4)*4/(-6) is divided by 5?
3
Let j = -36 - -58. Calculate the remainder when 87 is divided by j.
21
Let p be ((-2)/2)/(2/(-88)). Suppose 0*b + p = 4*b. What is the remainder when 31 is divided by b?
9
Calculate the remainder when (78/9)/(4/30) is divided by 17.
14
Let d = 2 - 1. Suppose 0 = -0*z + z + d. Let v(o) = -7*o - 1. Calculate the remainder when 17 is divided by v(z).
5
Let d = -23 - -43. Suppose 2 = -4*t - 10. Let v(f) = f**3 + 3*f**2 - 5*f - 4. What is the remainder when d is divided by v(t)?
9
What is the remainder when -42*2/(-6)*3 is divided by 9?
6
Suppose -j - 4*j - 5*u + 35 = 0, -4*u - 4 = -4*j. What is the remainder when 31 is divided by j?
3
Let m(z) = z**2 - z + 14. Let p = 8 - 11. What is the remainder when -4*p/((-6)/(-20)) is divided by m(0)?
12
Let m = 190 - 103. Calculate the remainder when m is divided by 30.
27
Suppose 7*k - 2*b - 26 = 3*k, -1 = b. Let z be (-2)/7 + (-60)/(-14). Suppose -z*x + 8*x = 84. What is the remainder when x is divided by k?
3
Let m(t) = 12*t**2 - 4*t + 3. Calculate the remainder when m(2) is divided by -2*(-4)/8*15.
13
Let l = 10 + 38. Calculate the remainder when l is divided by 10.
8
Let i(b) = b**2 + 9*b + 16. Calculate the remainder when 57 is divided by i(-9).
9
Let m be -1 + (-16)/(-2) - 2. Suppose -m*r + 35 = -20. What is the remainder when (-1 - 1)*(-11 - -1) is divided by r?
9
Let f = 26 + -63. Let i = -22 - f. What is the remainder when 45 + (-2 - -2 - 2) is divided by i?
13
Let m(i) = 6*i**2. Let d be m(-1). Let u(w) = 0*w - w**2 - 6*w + 0*w**2 + d. Calculate the remainder when 10 is divided by u(-6).
4
Let p be 3/6 + (-18)/(-4). Suppose -3*f + 12 + 1 = 2*s, -4*s = p*f - 25. What is the remainder when 1*2*(-1 - -2) is divided by f?
0
Suppose 2*f - 45 = z, -71 = -3*f - 2*z - 0*z. What is the remainder when f is divided by 8?
7
Let q = -10 + 24. Calculate the remainder when 83 is divided by q.
13
Let x(q) = -q**2 + 5. Let m be x(0). Suppose m*s - 4*t = 77, 86 = 4*s - 4*t + 22. Calculate the remainder when 38 is divided by s.
12
Suppose -4*z - 8 = 0, -5*h + 17 = -2*z + z. Let w = h - 25. Let k = 47 + w. Calculate the remainder when k is divided by 13.
12
Let v = 5 + -4. Calculate the remainder when 20 is divided by (-1 - (-9 - -2)) + v.
6
Let x(p) = p**3 + p + 43. Calculate the remainder when 85 is divided by x(0).
42
Let a(i) = i**3 + 12*i**2 + 11*i + 10. Let f be a(-10). Suppose -5*n = -0*n - f. Calculate the remainder when 39 is divided by n.
19
Suppose -4*u = 5*s - 30 - 47, 0 = -s - 4*u + 25. Calculate the remainder when 50 is divided by s.
11
Let f = 5 + 13. What is the remainder when 50 is divided by f?
14
Suppose 37*v + 10 = 38*v. Calculate the remainder when 24 is divided by v.
4
What is the remainder when (0 + 82)*(-1)/(-2) is divided by 6/(-24) + (114/8 - 0)?
13
Suppose 0 = 5*x - 42 - 68. Let l = x - 15. Calculate the remainder when ((-4)/2)/(3/(-18)) is divided by l.
5
Suppose 18*w + 20 = 20*w. Calculate the remainder when 25 is divided by w.
5
Let v(k) = -k**3 - 2*k**2 - 3*k - 8. Calculate the remainder when v(-4) is divided by 8.
4
What is the remainder when 89 is divided by 8/24 + (-44)/(-3)?
14
Let c be -1*7 - (5 + -6). Let r be 3*c/(-9) - -196. What is the remainder when 3/(3 + r/(-69)) is divided by 13?
10
Suppose 4*q - 64 = 5*p, -p + 2*p = 4*q - 64. Calculate the remainder when (124/16)/(1/4) is divided by q.
15
Suppose 4*l - 3*l - 49 = 0. Let z = 86 - l. What is the remainder when z is divided by 10?
7
Let n(c) be the second derivative of -c**5/20 - 3*c**4/4 + c**3/6 + 13*c**2/2 - 2*c. Let r = 6 + 1. Calculate the remainder when r is divided by n(-9).
3
Let b = 5 - 3. Let d = b + -4. Calculate the remainder when 1 is divided by 3 + (2*d - -2).
0
Let v = -39 - -77. What is the remainder when v is divided by 8?
6
Let g = 64 - 13. Let n be (6/5)/((-2)/(-5)). Suppose n*d = -0 + g. What is the remainder when 32 is divided by d?
15
Suppose -3 = -3*i + 3. Suppose -10 = -4*j + 4*u + i, 2*j = 5*u + 6. Suppose j = m - 4. What is the remainder when 19 is divided by m?
5
Suppose -2*d - 10 = -28. Let t be 10/(-3)*(d - 18). Let j = -13 + t. What is the remainder when j is divided by 5?
2
Suppose 2*x + 320 = 5*b, -5*x = -3 + 28. What is the remainder when b is divided by 22?
18
Let p(u) = -2*u**3 - 5*u**2 - 4. Let t be p(-4). Let x = t + -30. Calculate the remainder when 41 is divided by x.
13
Suppose -2*m + 8*c + 135 = 5*c, -5*m - 3*c = -369. What is the remainder when m is divided by 25?
22
Let d = 1 + 8. What is the remainder when (-4 - -3)*32/(-2) is divided by d?
7
Suppose -152 = -3*f - d, f - 204 = -3*f - d. Suppose 2*v - 3*r - f = -0*r, -2*r = 2*v - 42. What is the remainder when v is divided by 6?
5
Let q(m) = -m**3 + 7*m**2 - 6*m + 5. Let g be q(6). Suppose 0 = g*n + 5*z - 265, -189 = -3*n - 0*n + 3*z. Calculate the remainder when n is divided by 20.
18
What is the remainder when ((-48)/54)/(-4) + (-248)/(-18) is divided by ((-1)/(-3))/((-1)/(-15))?
4
Let t(r) = -r - 2. Let j be t(-4). Calculate the remainder when 19 is divided by j/1 - (-16)/2.
9
Suppose -z + 6 = -3*q + 21, -q = z - 1. Suppose -5*h + n = -14, 9 = -4*h - 4*n + 1. What is the remainder when 1/h - 22/(-4) is divided by q?
2
Let c = -1 - -10. Let u = c - -31. Calculate the remainder when u is divided by (-95)/(-7) - (-3)/7.
12
Suppose -g - 4 = 13. Suppose -f - 138 = -4*f. Let t = g + f. Calculate the remainder when t is divided by 15.
14
Let b(h) = -14*h**3 - h. What is the remainder when b(-1) is divided by 4?
3
Let p(z) = z**3 - 3*z**2 + 2*z. Calculate the remainder when p(4) is divided by 12.
0
Let r = 23 - 8. What is the remainder when (-18)/(-3) + -7 + 5*9 is divided by r?
14
Let i be ((-48)/10)/((-18)/135). Suppose p + 2*p = i. What is the remainder when p is divided by 5?
2
Let q be (0 - (-1 - 4))*1. Suppose r + r + 90 = 2*g, q*r = -2*g + 97. What is the remainder when g is divided by 16?
14
Let c be 1 - (-1 + 4) - -42. Suppose -g - 2 = -4*z, -5*g + 11*z - 6*z - c = 0. Calculate the remainder when (g/6)/((-6)/18) is divided by 3.
2
Suppose -4*v - 18 - 26 = 0. Let c = -2 - v. What is the remainder when c is divided by 22/6 - (-2)/6?
1
Let j(y) = 4*y - 6. Suppose t + 1 = u + 7, -t = 4*u - 11. Calculate the remainder when 86 is divided by j(t).
20
Let o(c) = c - 11. Let i = 18 - 7. Let g be o(i). Suppose -3*q = -g*q - 51. What is the remainder when 49 is divided by q?
15
Let b = 47 - 28. Suppose -j - 7 = -2*j. C